
What are the prime factors of 3781997?
113, 33469
What are the prime factors of 8220?
2, 3, 5, 137
What are the prime factors of 159975?
3, 5, 79
List the prime factors of 200378.
2, 100189
What are the prime factors of 563362?
2, 23, 37, 331
What are the prime factors of 192964?
2, 19, 2539
What are the prime factors of 6230762?
2, 3115381
List the prime factors of 691333.
691333
List the prime factors of 38798.
2, 19, 1021
What are the prime factors of 2036633?
191, 10663
List the prime factors of 394395.
3, 5, 26293
What are the prime factors of 473388?
2, 3, 103, 383
List the prime factors of 2259788.
2, 71, 73, 109
What are the prime factors of 816606?
2, 3, 7, 6481
List the prime factors of 168765.
3, 5, 11251
What are the prime factors of 212022?
2, 3, 11779
List the prime factors of 11728257.
3, 181, 21599
What are the prime factors of 73778?
2, 37, 997
List the prime factors of 5156957.
13, 173, 2293
What are the prime factors of 11904881?
859, 13859
What are the prime factors of 199795?
5, 31, 1289
List the prime factors of 16678290.
2, 3, 5, 167, 3329
What are the prime factors of 1279499?
13, 67, 113
What are the prime factors of 100609?
100609
What are the prime factors of 15536905?
5, 3107381
List the prime factors of 3069758.
2, 17, 47, 113
What are the prime factors of 2401417?
587, 4091
List the prime factors of 491379.
3, 7, 23399
What are the prime factors of 196018?
2, 98009
What are the prime factors of 14367130?
2, 5, 73, 19681
List the prime factors of 149692.
2, 37423
What are the prime factors of 771220?
2, 5, 38561
What are the prime factors of 5080724?
2, 11, 115471
List the prime factors of 1377917.
37, 167, 223
List the prime factors of 291781.
7, 73, 571
What are the prime factors of 2248832?
2, 17569
What are the prime factors of 1748859?
3, 7, 11897
What are the prime factors of 621192?
2, 3, 11, 13, 181
List the prime factors of 2753575.
5, 11, 17, 19, 31
What are the prime factors of 1219676?
2, 101, 3019
List the prime factors of 1153591.
29, 39779
List the prime factors of 4993125.
3, 5, 2663
What are the prime factors of 2279434?
2, 1139717
What are the prime factors of 9840183?
3, 3280061
List the prime factors of 212072.
2, 7, 541
List the prime factors of 2323649.
379, 6131
What are the prime factors of 18071?
17, 1063
What are the prime factors of 76900?
2, 5, 769
What are the prime factors of 186335?
5, 83, 449
What are the prime factors of 9383349?
3, 3127783
What are the prime factors of 235978?
2, 117989
What are the prime factors of 1524812?
2, 103, 3701
What are the prime factors of 274548?
2, 3, 137, 167
List the prime factors of 40334.
2, 7, 43, 67
List the prime factors of 5126045.
5, 1025209
List the prime factors of 23027398.
2, 1009, 11411
List the prime factors of 893541.
3, 11, 27077
What are the prime factors of 3148363?
757, 4159
What are the prime factors of 1556638?
2, 778319
List the prime factors of 252542.
2, 126271
List the prime factors of 179407.
179407
List the prime factors of 562330.
2, 5, 53, 1061
List the prime factors of 2925626.
2, 11, 71, 1873
List the prime factors of 3528859.
3528859
What are the prime factors of 3447682?
2, 7, 89, 2767
List the prime factors of 93335.
5, 11, 1697
List the prime factors of 146798.
2, 29, 2531
List the prime factors of 793958.
2, 11, 151, 239
What are the prime factors of 717164?
2, 7, 3659
List the prime factors of 4122985.
5, 97, 8501
List the prime factors of 96760.
2, 5, 41, 59
List the prime factors of 67041.
3, 13, 191
What are the prime factors of 125247?
3, 83, 503
List the prime factors of 307913.
367, 839
List the prime factors of 8346789.
3, 11, 59, 1429
List the prime factors of 3449773.
19, 31, 5857
List the prime factors of 2898739.
2898739
What are the prime factors of 344116?
2, 86029
What are the prime factors of 323391?
3, 17, 373
What are the prime factors of 7521015?
3, 5, 501401
List the prime factors of 23669030.
2, 5, 7, 11, 59, 521
List the prime factors of 7272425.
5, 290897
What are the prime factors of 371849?
19, 19571
What are the prime factors of 215854?
2, 107927
What are the prime factors of 963202?
2, 401, 1201
List the prime factors of 738250.
2, 5, 2953
What are the prime factors of 1711916?
2, 37, 43, 269
What are the prime factors of 362153?
11, 41, 73
What are the prime factors of 2151968?
2, 7, 13, 739
What are the prime factors of 850335?
3, 5, 83, 683
List the prime factors of 328247.
149, 2203
List the prime factors of 604397.
604397
List the prime factors of 139613.
149, 937
What are the prime factors of 81835?
5, 13, 1259
What are the prime factors of 476488?
2, 59561
List the prime factors of 25617.
3, 8539
What are the prime factors of 1127309?
1127309
List the prime factors of 13177619.
7, 13, 137, 151
What are the prime factors of 560994?
2, 3, 7, 19, 37
List the prime factors of 26441304.
2, 3, 61, 18061
What are the prime factors of 6464711?
11, 239, 2459
List the prime factors of 25273957.
25273957
What are the prime factors of 1079279?
17, 63487
List the prime factors of 1346281.
17, 79193
What are the prime factors of 1302575?
5, 52103
List the prime factors of 13262545.
5, 1319, 2011
What are the prime factors of 2067588?
2, 3, 79, 727
List the prime factors of 1089671.
11, 23, 59, 73
List the prime factors of 235348.
2, 17, 3461
What are the prime factors of 8831897?
8831897
What are the prime factors of 2105776?
2, 131611
What are the prime factors of 2515361?
73, 34457
List the prime factors of 1517793.
3, 23, 21997
List the prime factors of 2513119.
7, 359017
What are the prime factors of 167690?
2, 5, 41, 409
What are the prime factors of 6747584?
2, 19, 31, 179
List the prime factors of 1379545.
5, 37, 7457
What are the prime factors of 266683?
266683
List the prime factors of 22679284.
2, 5669821
What are the prime factors of 27604438?
2, 13802219
List the prime factors of 6653437.
7, 31, 30661
List the prime factors of 68366.
2, 34183
List the prime factors of 2531784.
2, 3, 105491
List the prime factors of 124509.
3, 7, 11
List the prime factors of 182710.
2, 5, 11, 151
What are the prime factors of 817770?
2, 3, 5, 27259
List the prime factors of 78436.
2, 19609
List the prime factors of 20002.
2, 73, 137
List the prime factors of 7719378.
2, 3, 293, 4391
What are the prime factors of 505209?
3, 29, 5807
List the prime factors of 1559920.
2, 5, 17, 31, 37
List the prime factors of 160596.
2, 3, 1487
What are the prime factors of 968804?
2, 242201
What are the prime factors of 423233?
423233
List the prime factors of 16868514.
2, 3, 13, 216263
List the prime factors of 532139.
41, 12979
What are the prime factors of 10366359?
3, 59, 58567
List the prime factors of 5489288.
2, 7, 83, 1181
What are the prime factors of 578136?
2, 3, 13, 17, 109
What are the prime factors of 24979?
24979
What are the prime factors of 379729?
7, 17, 3191
What are the prime factors of 1244381?
1244381
What are the prime factors of 763425?
3, 5, 13, 29
What are the prime factors of 9835067?
11, 894097
List the prime factors of 188116.
2, 131, 359
What are the prime factors of 1624212?
2, 3, 557
What are the prime factors of 463073?
13, 179, 199
List the prime factors of 99583.
11, 823
What are the prime factors of 1009377?
3, 112153
List the prime factors of 1742452.
2, 19, 101, 227
List the prime factors of 19266624.
2, 3, 13, 31, 83
What are the prime factors of 2884546?
2, 7, 206039
List the prime factors of 146541.
3, 48847
What are the prime factors of 158804?
2, 29, 37
List the prime factors of 36850.
2, 5, 11, 67
What are the prime factors of 1517504?
2, 131, 181
What are the prime factors of 3210258?
2, 3, 479, 1117
List the prime factors of 133430.
2, 5, 11, 1213
What are the prime factors of 26406?
2, 3, 163
List the prime factors of 1549995.
3, 5, 103333
List the prime factors of 4817531.
173, 27847
What are the prime factors of 1026890?
2, 5, 29, 3541
List the prime factors of 3623800.
2, 5, 18119
List the prime factors of 240334.
2, 120167
What are the prime factors of 11688459?
3, 89, 43777
List the prime factors of 310815.
3, 5, 6907
List the prime factors of 9380824.
2, 47, 61, 409
What are the prime factors of 9907096?
2, 29, 42703
List the prime factors of 13107100.
2, 5, 13